g(b).
-2
Let b(x) = x**2 + 8*x - 5. Suppose 0 = -5*l - 10*u + 7*u - 46, 2*u + 20 = -2*l. Give b(l).
-5
Let p be (-4)/(4/2) + 4. Let a(t) = 0 - 2*t + 5 + p*t + 4*t. What is a(-5)?
-15
Let k be 5/1 - (25 + -5)/5. Let u(y) = 21*y - 1. Determine u(k).
20
Suppose 52*c + 277 + 35 = 0. Let x(r) = 3*r + 15. What is x(c)?
-3
Let k(s) = -6*s**2 - 2*s - 46. Let p(m) = -7*m**2 - m - 54. Let l(y) = -6*k(y) + 5*p(y). Let n(q) = -q. Let j be n(-3). Suppose -21 = j*t - 6. Calculate l(t).
-4
Let j(u) be the first derivative of -u**3/3 + 2*u**2 - 2*u + 3765. Suppose -3*a = -22 + 10, 3*a - 20 = -2*x. Give j(x).
-2
Let q be 2*(-1)/(2 - 1). Let p = q - 1. Let x(b) = 0*b**2 + 5 - 2*b**2 + b**2 + 2*b - 3 + 2. What is x(p)?
-11
Suppose 5*u + 66 = 27*u. Let o(y) be the third derivative of -1/10*y**6 + 0 + 0*y**5 - 1/12*y**4 + 0*y - 5*y**2 + 1/6*y**u. Calculate o(1).
-13
Suppose 3*u + 0*g = -2*g - 10, -4*u = -4*g - 20. Let w(b) = -226 + 4*b - 3*b + 218. Calculate w(u).
-8
Let u = 98 + -97. Let l(o) = -5*o. Determine l(u).
-5
Let c(x) = 2*x - 2. Let j(q) = -q + 12. Let a = 44 - 35. Let o be j(a). Determine c(o).
4
Let k(x) = -x + 16. Suppose 0 = -87*g + 140*g - 901. Calculate k(g).
-1
Let i(k) be the first derivative of -k**4/4 - 5*k**3/3 - k**2 - 7*k - 3. Let r be i(-5). Let h(y) = -1 - r + 4 - 2*y. Give h(-1).
2
Let z(q) = -3*q**3 + 0*q**2 + 3*q**2 + 3 - 2*q + 0. Let s = 7428 - 7426. Give z(s).
-13
Let g(x) be the third derivative of -x**5/60 + x**4/24 - 7*x**3/3 - 58*x**2 - 1. What is g(0)?
-14
Let i(w) = -w**3 + w**2 - w. Let f(r) = 3*r - 35. Let m be f(12). What is i(m)?
-1
Let n(u) = -u**3 - 2*u**2 - 2*u - 3. Suppose -17*b - 26 = 42. Calculate n(b).
37
Let w(h) = -h**2 + 3*h + 5. Let q(k) = 3*k**2 - 10*k - 15. Let g(j) = -3*q(j) - 8*w(j). Suppose 0 = 5*c + 15, 3*c - c = -4*s + 14. Give g(s).
10
Let a(d) be the third derivative of 3*d**4/4 + d**3/2 - 151*d**2. What is a(-2)?
-33
Let a(y) be the first derivative of -1/4*y**4 + 0*y - 5 - 1/12*y**5 - 1/120*y**6 - 5/6*y**3 + y**2. Let x(k) be the second derivative of a(k). Determine x(-4).
3
Let p(j) = -j**3 - 1. Suppose 2*u + 2 = -2. Let v be p(u). Let f(z) = -v + 1 + z**2 + 8. What is f(3)?
11
Let n(a) = 6 + 1 + 5*a + a**3 - 5 - 3 - a**2. Determine n(4).
67
Let x(s) be the third derivative of -1/30*s**5 + s**2 - 1/3*s**3 + 0 + 0*s - 1/4*s**4. Let f = 178 - 182. What is x(f)?
-10
Let z(i) = 24*i - 1. Let j(p) = -24*p + 2. Let b(a) = 2*j(a) + 3*z(a). Determine b(-1).
-23
Let l(f) = 3*f**3 + 1. Let n(v) be the third derivative of -v**5/60 + 11*v**4/24 - 11*v**3/6 - v**2. Let c = 164 - 154. Let m be n(c). Give l(m).
-2
Let a(v) = -v**2 + 5*v + 2. Suppose 5*w + 4*d - 19 = 0, 11 = -196*w + 198*w + 5*d. Give a(w).
8
Let l = 350 - 354. Let y(c) = -4 + c**3 - 3*c**2 + 3*c - 6*c**3 + 4*c**3. What is y(l)?
0
Suppose -20 = -2*r + 7*r, 5*r + 20 = -5*y. Suppose -5*j - 25 = y, 0*j = -4*n + 5*j + 25. Let t(w) = n*w + w - 1 + w. What is t(2)?
3
Let u(q) be the first derivative of 17*q**4/4 - 2*q**3/3 + q + 1. Let j = -84 - -83. Give u(j).
-18
Let i(k) = 13*k**3 + 10*k**2 + 1. Let g(t) = -t**3 - 2*t**2. Let l(u) = 5*g(u) + i(u). What is l(1)?
9
Let z(w) = 5*w + 6. Let u = 295 - 292. What is z(u)?
21
Let t(y) be the first derivative of 4*y**3/3 + y**2/2 + y - 1. Let z = -39 + 43. Let l be -4 + 4/z + 2. Give t(l).
4
Suppose 5*k - 14 + 64 = 0. Let j(c) = -c**3 - 9*c**2 + 9*c + 3. Give j(k).
13
Let p(t) = t**3 - 9*t - 6 - 7*t**2 - 3 + 17*t. Suppose -3*b = -5*s - 10 + 45, 2*b = s - 28. Let q be (27/b)/((-3)/10). Give p(q).
3
Let u(s) = -2*s**2 + 9*s + 1. Let a be u(5). Let i(g) = -g**3 - 5*g**2 - g + 7. What is i(a)?
-5
Suppose -t - 8 = -5*r - 5*t, -4 = r - 2*t. Suppose 3*f - 5*f - 6 = r. Let w(u) = -23*u**3 - 24*u**3 - 1 + 46*u**3 - 4*u**2 - 3*u. Determine w(f).
-1
Let b(i) = -14*i + 3. Let z be (-4)/(4 - 0) + 5. What is b(z)?
-53
Let h = 904 + -900. Let g(b) = -b + 7. Give g(h).
3
Let y be (-16 - -7)*4/3. Let c be (-9 + 0)/(18/y). Let i(x) = -x**2 + 8*x + 4. Give i(c).
16
Suppose n = 4*n - 6. Let l be (-3 + 1)*(n - 4). Let q(p) = 2 - l*p - 6 + 0*p + 3*p. What is q(3)?
-7
Let k(z) = z**3 - 3*z**2 + 2*z - 3. Let p be (-16)/12*6/(-4). Let i be 3/p*40/15. Let v be ((-24)/18)/(i/(-6)). What is k(v)?
-3
Let h(t) = -3*t + 1. Let d(z) = 1 - 4*z**3 + 2*z**3 - 10 - 11*z**2 + 3 - 7*z. Let v be d(-5). Suppose -3*g - v*g = -28. What is h(g)?
-11
Let s(k) be the third derivative of -k**5/60 + k**4/24 + 3*k**2 + 90. Let r(d) = 0*d**2 - 3*d - 4*d + d**2 + 6. Let v(q) = -r(q) - 2*s(q). Give v(-7).
8
Suppose -3*h - 46 - 59 = 0. Let d = h - -32. Let r(y) = -y**3 - 2*y**2 + 3*y - 1. Determine r(d).
-1
Suppose -h + 7*r = 3*r - 15, -5*h - r = -12. Let a(v) = -2*v**2 + 2 + 4*v**2 - v**h - 5*v**2. Calculate a(-2).
-2
Let g(y) = 7*y**2 - y + 1. Let q be ((-267)/(-89))/(3 - -1 - 1). Let r be g(q). Let h(z) = -z + 2. Determine h(r).
-5
Let y(a) be the second derivative of a**4/12 - 4*a**2 + 46*a - 1. Calculate y(0).
-8
Suppose -3*r + 6 = -6, 6 = -5*c - r. Let d = 6 - c. Let j(k) = d*k**2 + 5*k**3 - 19*k**2 + 11*k**2. Give j(-1).
-5
Let n be (-3)/(-5) - 2/(-5). Let k(h) be the second derivative of 0 + 3/10*h**5 + 7*h + 1/3*h**3 - 1/2*h**2 - 1/12*h**4. Calculate k(n).
6
Let c be (-37)/(-4) + (-138)/(-24) + -6. Let d(n) = 3*n - 8*n**2 - 9 - 6 + c + n**3. Calculate d(8).
18
Let q(w) = 10*w**2 + 1. Let m(b) = -b**3 - 17*b**2 - 17*b - 15. Suppose -4*p = -0*p - 4*v + 52, p + 3*v = -25. Let f be m(p). Calculate q(f).
11
Suppose 8*q + 2 = 2. Let g(r) = -r**3 + 30. Calculate g(q).
30
Suppose 0 = 2*b + 6*b. Let g(f) be the second derivative of 1/12*f**4 - f**2 - 2*f + b + 1/20*f**5 - 1/3*f**3. Determine g(-2).
-2
Let k(s) = -4*s + 42 + 4*s + 48 + 4*s - 92. Calculate k(-3).
-14
Let j(y) = y**3 - 15*y**2 + y - 15. Suppose 59*s - 525 = 24*s. Calculate j(s).
0
Let k(m) be the first derivative of m**2/2 + 2*m - 15. Let f(s) = 3*s + 3. Let b(l) = -2*f(l) + 5*k(l). Calculate b(-3).
7
Let b(u) = -3*u**3 + 4*u**2 + 5*u + 5. Suppose 4*q - 2 = -3*f - 3, f + 5 = q. Let s(g) = 2*g**3 - 3*g**2 - 4*g - 4. Let v(k) = f*b(k) - 4*s(k). Give v(-1).
-1
Suppose 0 = i - 5, 5*h = 2*h + i + 4. Let t(u) = -u**2 + 0*u**3 - 12 - 7 - u**h. Calculate t(0).
-19
Suppose -3*h - h = 2*b + 10, 0 = -3*b - 2*h - 27. Let u(z) be the third derivative of -z**5/60 - 5*z**4/12 + z**3/3 - 10*z**2. Give u(b).
-9
Let h = 20 - 14. Suppose 24 = -5*z + m, 1 = -z - 2*m + h*m. Let v(t) = t**3 + 5*t**2 - 3*t - 5. Calculate v(z).
10
Let i(o) = 13*o**2 + 8*o**3 + 35*o - 3*o**3 - 177 + 178. Let f(k) = -2*k**3 - 4*k**2 - 12*k. Let g(n) = -8*f(n) - 3*i(n). Give g(8).
-11
Let l(n) = -4*n**2 - n - 1. Suppose 0 = 11*w - 138 + 149. What is l(w)?
-4
Let w(c) be the third derivative of -7*c**4/24 - 3*c**3/2 + 9*c**2. Let i(x) = -x**2 + x. Let p(s) = i(s) - w(s). Calculate p(8).
9
Let b(s) = -5 - 1150*s + 2 + 1141*s. Let c(w) = 10*w + 3. Let v(m) = -6*b(m) - 5*c(m). Give v(-4).
-13
Let g(i) be the first derivative of -i**5/20 - i**4/2 - i**3/6 + i**2 - 19*i - 3. Let r(o) be the first derivative of g(o). Give r(-6).
8
Let o(p) = -10*p**3 - 5*p**2 - 8. Let n(f) = -2*f**2 + 0 + 0 - 3 - 7*f**3 + 4*f**3. Let v(m) = -8*n(m) + 3*o(m). Give v(1).
-5
Let y = -25 + 35. Suppose -4 = 3*h - 2*s, -4*s + y = -2*h - 6. Let g(a) = 0*a**3 - 68*a**2 - 4*a + 64*a**2 - a**3 - h. What is g(-3)?
1
Let c = 41 - 40. Let p(v) = -2*v**2 + 5 - 4*v - 9 + c - 1. Calculate p(-3).
-10
Suppose -2*d = 2*d - 5*h - 3, -d + h = -1. Let v(y) = -2*y. Let z be v(-2). Let j(g) = g - z*g + d*g + 4 + 0. Calculate j(2).
2
Let q(y) = -2*y + 95 - 193 + 97. Determine q(-1).
1
Let y(b) be the third derivative of -b**5/60 - b**4/6 + 3*b**2. Suppose 4*f = f - 12. Calculate y(f).
0
Let b(k) = 2*k - 2. Let h(t) = -22*t + 6. Let y(q) = -20*b(q) - 2*h(q). Calculate y(-8).
-4
Let u(v) = -3. Let l(x) = 4*x + 26. Let n be l(-6). Let s(t) = -t + 1. Let o(z) = n*s(z) + u(z). What is o(1)?
-3
Let w(h) = 6*h**2 - 16*h**2 + 2 + 2*h - 1. Suppose 2*n + 32 = -2*n + 2*a, 5*a - 32 = 2*n. Let u(y) = -y**2 - 6*y - 1. Let l be u(n). What is w(l)?
-11
Let t(u) = -3*u + 1. Suppose 2*h = -a + 161, 2*h + 5*a = -0*a + 173. Let l = -83 + h. Determine t(l).
13
Let f(r) = -2*r**2 + r + 1. Let u = 1414 - 1416. Determine f(u).
-9
Let p(w) = 2*w - 5. Let f = 32 + -28. Let d be p(f). Let z(a) = -2*a + 4. What i